s the remainder when 135664 is divided by 5323?
2589
What is the remainder when 496923 is divided by 2168?
451
What is the remainder when 377273 is divided by 342?
47
Calculate the remainder when 28590 is divided by 545.
250
What is the remainder when 4977449 is divided by 1087?
76
Calculate the remainder when 74705033 is divided by 4610.
4593
Calculate the remainder when 305832 is divided by 216.
192
Calculate the remainder when 877479 is divided by 755.
169
Calculate the remainder when 10495117 is divided by 1645.
17
Calculate the remainder when 391740 is divided by 2925.
2715
Calculate the remainder when 14966 is divided by 979.
281
What is the remainder when 99101 is divided by 887?
644
What is the remainder when 331885 is divided by 331249?
636
What is the remainder when 3977968 is divided by 1988946?
76
What is the remainder when 226425 is divided by 6498?
5493
Calculate the remainder when 21552 is divided by 988.
804
Calculate the remainder when 25972337 is divided by 763892.
9
Calculate the remainder when 86010 is divided by 6586.
392
Calculate the remainder when 5928649 is divided by 658732.
61
Calculate the remainder when 240642 is divided by 2073.
174
Calculate the remainder when 12190914 is divided by 281.
10
What is the remainder when 95241 is divided by 864?
201
Calculate the remainder when 102540 is divided by 34178.
6
What is the remainder when 530293 is divided by 13257?
13
Calculate the remainder when 1037285 is divided by 55.
40
What is the remainder when 2097590 is divided by 338?
300
Calculate the remainder when 53726472 is divided by 171.
153
What is the remainder when 49465954 is divided by 35?
34
What is the remainder when 602404 is divided by 1581?
43
What is the remainder when 355480213 is divided by 28?
25
What is the remainder when 12778769 is divided by 425958?
29
Calculate the remainder when 18305870 is divided by 17.
15
Calculate the remainder when 1076473 is divided by 10061.
10007
Calculate the remainder when 82844 is divided by 1403.
67
Calculate the remainder when 278917 is divided by 205.
117
Calculate the remainder when 8326789 is divided by 2839.
2
Calculate the remainder when 1342119 is divided by 447340.
99
Calculate the remainder when 223447068 is divided by 603.
594
What is the remainder when 7167195 is divided by 310?
305
Calculate the remainder when 316631 is divided by 10916.
67
Calculate the remainder when 417316 is divided by 148.
104
What is the remainder when 958384 is divided by 17?
9
Calculate the remainder when 831359 is divided by 48.
47
What is the remainder when 22299 is divided by 762?
201
Calculate the remainder when 109336984 is divided by 6946.
6944
Calculate the remainder when 2200805 is divided by 4967.
424
Calculate the remainder when 8595766 is divided by 23.
22
What is the remainder when 13954204 is divided by 329?
327
Calculate the remainder when 11161164 is divided by 2243.
2239
What is the remainder when 330559 is divided by 529?
463
Calculate the remainder when 77390 is divided by 2201.
355
What is the remainder when 125415 is divided by 9647?
4
Calculate the remainder when 632347 is divided by 117.
79
What is the remainder when 1029277 is divided by 1167?
1150
Calculate the remainder when 3274144 is divided by 467.
7
Calculate the remainder when 5809111 is divided by 2904550.
11
Calculate the remainder when 1350647 is divided by 2607.
221
Calculate the remainder when 1936544 is divided by 12.
8
Calculate the remainder when 3260881 is divided by 586.
377
What is the remainder when 2552810 is divided by 5045?
40
What is the remainder when 1001454 is divided by 1129?
31
What is the remainder when 253302 is divided by 6846?
0
Calculate the remainder when 17582879 is divided by 1630.
69
Calculate the remainder when 10024680 is divided by 53.
48
What is the remainder when 45518 is divided by 800?
718
Calculate the remainder when 1359036 is divided by 2107.
21
What is the remainder when 2453575 is divided by 817855?
10
What is the remainder when 1007881 is divided by 1007845?
36
Calculate the remainder when 1514740 is divided by 4082.
318
What is the remainder when 1041508 is divided by 735?
13
What is the remainder when 3885708 is divided by 3885356?
352
Calculate the remainder when 7524858 is divided by 1254105.
228
Calculate the remainder when 85297261 is divided by 136.
101
What is the remainder when 12786 is divided by 4134?
384
Calculate the remainder when 274082623 is divided by 8.
7
What is the remainder when 53869 is divided by 5367?
199
What is the remainder when 2271493 is divided by 70?
63
What is the remainder when 99561928 is divided by 215502?
4
What is the remainder when 3388389 is divided by 2845?
2839
Calculate the remainder when 79983 is divided by 7193.
860
Calculate the remainder when 1943345 is divided by 971613.
119
What is the remainder when 25017619 is divided by 222?
217
Calculate the remainder when 27264410 is divided by 339.
335
Calculate the remainder when 7926784 is divided by 4744.
4304
Calculate the remainder when 4335671 is divided by 1452.
1451
Calculate the remainder when 3390883 is divided by 113.
92
Calculate the remainder when 309228 is divided by 937.
18
What is the remainder when 1995492 is divided by 678?
138
What is the remainder when 57621 is divided by 54528?
3093
What is the remainder when 487718 is divided by 487709?
9
Calculate the remainder when 216275 is divided by 425.
375
Calculate the remainder when 46156529 is divided by 1190.
1189
Calculate the remainder when 225202407 is divided by 1809.
1806
Calculate the remainder when 5309807 is divided by 1061955.
32
Calculate the remainder when 1369485 is divided by 5567.
3
What is the remainder when 1283728 is divided by 1283491?
237
Calculate the remainder when 31147 is divided by 3251.
1888
Calculate the remainder when 946453 is divided by 2930.
63
What is the remainder when 4280518 is divided by 71?
70
What is the remainder when 25589719 is divided by 1643?
1637
What is the remainder when 791969 is divided by 8000?
7969
Calculate the remainder when 36588003 is divided by 142.
141
Calculate the remainder when 217753 is divided by 167.
152
What is the remainder when 34078957 is divided by 20?
17
Calculate the remainder when 19582645 is divided by 266.
257
What is the remainder when 1484742 is divided by 57104?
38
What is the remainder when 4973486 is divided by 365?
361
What is the remainder when 43204089 is divided by 14?
5
Calculate the remainder when 602520 is divided by 24.
0
Calculate the remainder when 135395 is divided by 1072.
323
What is the remainder when 3541913 is divided by 5111?
5101
Calculate the remainder when 131656138 is divided by 11.
9
What is the remainder when 124346 is divided by 2891?
33
Calculate the remainder when 74749892 is divided by 1143.
1121
Calculate the remainder when 50327997 is divided by 16.
13
Calculate the remainder when 23021 is divided by 3637.
1199
What is the remainder when 21365983 is divided by 150?
133
Calculate the remainder when 50288997 is divided by 4376.
5
Calculate the remainder when 372232529 is divided by 356.
353
Calculate the remainder when 1241866 is divided by 620913.
40
What is the remainder when 299105 is divided by 149505?
95
What is the remainder when 3166708 is divided by 544?
84
Calculate the remainder when 284199597 is divided by 235.
232
What is the remainder when 54902862 is divided by 27451406?
50
What is the remainder when 775062 is divided by 3817?
211
What is the remainder when 134427001 is divided by 1012?
5
Calculate the remainder when 59283 is divided by 185.
83
Calculate the remainder when 1207965 is divided by 33547.
273
Calculate the remainder when 772414 is divided by 2207.
2171
What is the remainder when 127537793 is divided by 12?
5
Calculate the remainder when 1520253 is divided by 6205.
28
What is the remainder when 502230010 is divided by 397?
396
Calculate the remainder when 2465842 is divided by 4600.
242
Calculate the remainder when 69780 is divided by 2217.
1053
Calculate the remainder when 12269760 is divided by 93.
84
Calculate the remainder when 942199 is divided by 435.
424
What is the remainder when 6273708 is divided by 314?
302
Calculate the remainder when 2613604 is divided by 4341.
322
Wha